 be the third derivative of l**5/120 + 13*l**4/24 + 2*l**3/3 + 4*l**2. Let i(s) be the first derivative of m(s). Give i(-6).
7
Let l be (-1376)/(-8) - (2 + 2). Let g(s) = -1 + 160*s**2 + l*s**2 + 2*s - 319*s**2. What is g(1)?
10
Let p(a) be the first derivative of a**4/4 + 7*a**3/3 + 7*a**2/2 + 2*a - 40. Give p(-6).
-4
Let m(d) = 3*d + 1. Let b(i) = -4*i. Let q(c) = 2*b(c) + 3*m(c). Let x be q(3). Let p(l) = 1 + 4*l + x*l + 3 - 3. Give p(-1).
-9
Suppose -2*b + 6 = -b + w, 2*w = 6. Let u(d) = -d**2 - 13*d**b + 12*d**3 + 0 + d + d - 1. Suppose o - 54 + 56 = 0. What is u(o)?
-1
Let c(j) = j**2 - 5*j + 3*j + 3 - 1 - 4. Calculate c(3).
1
Let k(w) be the third derivative of -w**4/12 - 7*w**3/3 - 10*w**2. Calculate k(-15).
16
Let i(m) be the first derivative of m**2/2 - m - 80. Suppose -j + x = 4*x - 29, -4*x - 88 = -5*j. Suppose j = b + 4*b. What is i(b)?
3
Suppose 0 = 2*m - 0*m. Let w(p) be the first derivative of 5*p**2/2 - 9*p - 13. Let b(z) = -3*z + 4. Let j(h) = 7*b(h) + 4*w(h). Give j(m).
-8
Suppose -4*i + 108 = -4*w, i + 129 = 6*i + w. Let l(j) = -48 + 25 + i - j. Calculate l(0).
3
Suppose 4*l = 46*l. Let v(i) be the second derivative of l*i**3 + 0 - 1/12*i**4 + 11*i + 3/2*i**2. Calculate v(0).
3
Suppose -4*g = a + a - 26, 0 = a - g - 1. Let u(b) = -12 + b - 6*b**2 + 25 - 9 + 3*b + 5*b**2. What is u(a)?
-1
Let y(j) = -j**2 - 16*j - 2. Let p be y(-15). Let v(t) = 6*t**2 + p*t - 12 + 3*t**2 - 11*t**2. Let k be v(5). Let g(b) = -b**2 + 3*b + 3. What is g(k)?
3
Let a(q) be the first derivative of q**5/30 + q**3 - 24. Let j(o) be the third derivative of a(o). Let y be -2*(-1 + 2/(-4)). Calculate j(y).
12
Let v = 34 - 22. Suppose 6*l + 12 = -v. Let q(g) = -g**3 - 5*g**2 - g + 7. Let o be q(l). Let n(r) = r + 4. What is n(o)?
-1
Let x(j) = -3*j + 4. Let c(r) = -r**2 - 5*r + 6. Let y(f) = 3*c(f) - 5*x(f). Give y(-2).
-14
Let p be (-2)/1*(-3 - -2). Suppose -6*o - 4*t = -7*o + 9, 4*t = -4. Let i(s) = 3*s - 2*s - 2*s - s - o*s**p - s**3. What is i(-4)?
-8
Let a(i) be the third derivative of i**4/24 - i**3/2 + 265*i**2. Let z = 14 - 10. Give a(z).
1
Let o(d) = 6*d - 3. Let n(y) = -3*y**2 + 29*y + 7. Let x be n(10). Calculate o(x).
-21
Let t = -48 - -49. Let o(s) = s**2 + 1. Let a(v) = -v**3 - 2*v**2 + 2*v - 3. Let q(f) = t*a(f) - 3*o(f). Calculate q(-6).
18
Let s(w) = 28*w + 240 - 254 - 27*w. What is s(-6)?
-20
Let d(x) = 4*x**2 - 11*x + 1. Let n(y) = y**2 - 2*y + 1. Let p(t) = -d(t) + 5*n(t). Let i be (-2 - -2)/((-3)/3). Give p(i).
4
Let x(v) = v**2 - 6*v - 10. Suppose -5*k + 32 = 3*c, 141*c - 138*c - 5*k = 22. Calculate x(c).
17
Let b(p) be the third derivative of p**5/60 + p**4/24 - p**3/2 + 12*p**2 - 18*p. What is b(4)?
17
Suppose -57 = -4*j + 5*y, 0*j + 4*j - 27 = -y. Suppose a + 0*a + j = 0. Let l = a - -2. Let q(n) = n**3 + 5*n**2 - 9*n - 7. What is q(l)?
11
Let m be -1 - (-2 + -1)/(-3). Let d(s) = 3 + 6*s + 11*s - 12*s. Determine d(m).
-7
Suppose -35 + 3 = -3*m + 4*i, -4*i - 8 = 3*m. Suppose -28 = 5*u - 4*g, -4 = 3*u - 0*u + m*g. Let q(k) = k**2 + k - 1. Determine q(u).
11
Let r(z) = -20*z**2 + 9*z - 9. Let n(o) = -7*o**2 + 3*o - 3. Let j(y) = -17*n(y) + 6*r(y). Determine j(5).
-13
Let w be (-6 + -9)*-1*6/10. Let c(n) = -1 - 3*n**2 + w + 2*n**2 - 1. Calculate c(5).
-18
Suppose 7*x = 12*x - 110. Suppose -2*d + 12 - x = 0. Let u(p) = -p**2 - 4*p + 3. Calculate u(d).
-2
Let s(l) be the first derivative of l**2/2 - 12*l - 142. What is s(5)?
-7
Let f(o) = -o**3 + 4*o**2 + 8*o - 6. Let u = 1604 - 1599. Determine f(u).
9
Let c(i) = 7*i**3 - 14*i**2 - i - 3. Let p(b) = -b**2 + 7*b + 2. Let r be p(7). Let a(z) = -3*z**3 + 7*z**2 + 2. Let q(k) = r*c(k) + 5*a(k). Give q(7).
-10
Let u(f) = 75*f + 13 - 2 - 5 - 2 - 56*f. Give u(-3).
-53
Let m(a) = a**2 + 5*a + 6. Let s be m(-4). Let t(r) = 3*r**2 - s*r**2 + 2*r + 2 + 4*r. Suppose -4*z = 4*d - d + 34, 5*d = -4*z - 46. Determine t(d).
2
Let b(y) = y**3 - 2*y + 1. Let d be b(1). Suppose 2 = -h, 3*q - 1 + d = -h. Let k(s) = 8*s + 1. What is k(q)?
9
Let i(o) = -o**3 - 29*o**2 - 6*o + 10. Let y(a) = a**3 + 26*a**2 + 6*a - 9. Let x(h) = -5*i(h) - 6*y(h). What is x(-10)?
-36
Let y(j) = j**3 - 4*j**2 - 5*j + 7. Let q be y(5). Suppose -2*z - z = -q*z. Let h(p) = p**2 + p - 6. Calculate h(z).
-6
Let o(d) = -d**3 + 6*d**2 - d - 1. Suppose -5*j + 8 + 17 = 0. Calculate o(j).
19
Let q = -60 - -60. Let c(f) = 0 - 3*f + q + 4 + 2*f. What is c(7)?
-3
Let k(b) = b**3 + 8*b**2 + 7*b + 6. Let d be (3*5/(-12))/((-2)/48). Suppose -3*r - 3*c = d, -7*r + 11*r + 19 = 3*c. Determine k(r).
6
Let d(t) = 2*t + 10. Let a be d(-4). Let n(v) = -v**3 + v**2 - 1. Let g(z) = 3*z**3 + z**2 + 4*z + 1. Let m(c) = a*n(c) + g(c). Determine m(-3).
-13
Suppose -16 = 3*r - 5*g, 0*g = r + 2*g - 2. Let p(q) = -11*q - 2. Calculate p(r).
20
Let n(a) be the third derivative of a**6/120 - a**5/20 - a**4/4 + 3*a**3/2 - 21*a**2. Let s be n(4). Let m(w) = 0*w - w**2 + 1 - w**2 - w. Give m(s).
-2
Suppose -4*h + 5*k + 2 = -3, 2*h = k + 1. Let s(q) be the first derivative of 3*q + 1/3*q**3 - 1/2*q**2 - 4. Calculate s(h).
3
Let v(i) = -2*i - 9. Suppose -5*m + 10 = 10. Determine v(m).
-9
Suppose -4*m - 2*u + 0*u = -24, 2*u = m + 4. Let g(p) = 36*p**3 - 14*p + 3. Let r(c) = -12*c**3 + 5*c - 1. Let d(f) = m*g(f) + 11*r(f). Determine d(1).
12
Let p(x) = 431*x**2 - x**3 - 201*x**2 - 1 - 233*x**2 - 5*x. Determine p(-3).
14
Let a be 18/3 + 231/(-42). Let j(y) be the second derivative of -a*y**3 + 0 + 2*y**2 + 1/12*y**4 + 3*y. Determine j(4).
8
Let w(n) be the first derivative of -7*n**2/2 - n + 2. Suppose 5*r - 3*j + 45 = 0, 0*j - 4*j = 0. Let a = r - -10. Determine w(a).
-8
Let i(k) = -k. Let q be 9/(44/56 + -1). Let o = -48 - q. Give i(o).
6
Let g(y) be the third derivative of -y**6/180 + y**5/30 - y**4/12 - 13*y**3/6 - 31*y**2. Let u(x) be the first derivative of g(x). What is u(2)?
-2
Let i(d) = 0*d - 3*d**2 - d**3 + 0*d**2 - 3*d + 4*d + 1. Suppose 4*k - 2*b - 12 = -32, 2*k + 18 = 5*b. Let f = -7 - k. Determine i(f).
-2
Let n(h) = 3*h - 4*h**2 - 3*h**2 + 2 - h**3 + 6*h**2 + 3*h**2. Let z be n(3). Let a(j) = -4*j + 3*j**2 - z - j**3 + 5*j - 3*j. Give a(3).
-8
Suppose 1 = j + 6. Suppose 2*v - 21 = 4*m - 1, -5*v + 41 = -m. Let n(x) = -x**3 + 7*x - v*x + 4*x + 3 - 4*x**2. Give n(j).
13
Let g(l) be the second derivative of -l**5/20 - l**4/4 + 7*l**3/6 + 3*l**2 - 477*l. Give g(-4).
-6
Let a(i) = 6*i**3 - 5*i**2 + i + 2. Let u(n) = 5*n**3 - 5*n**2 + n + 1. Let x(v) = -4*a(v) + 5*u(v). Let p = -39 + 44. What is x(p)?
2
Let z(r) = 20 - 28*r - 22*r + 48*r. Give z(14).
-8
Let j(t) = -3*t + 3. Let r(f) = -2*f + 4. Let i(y) = -3*j(y) + 2*r(y). Suppose -3*k + 20 = 2*k. Suppose -45*m - k = -49*m. Determine i(m).
4
Let i(j) = -j - 22. Suppose 53*g = 46*g - 70. Give i(g).
-12
Let b = 145 - 146. Let u(m) be the third derivative of -m**6/24 - m**5/60 + 4*m**2. What is u(b)?
4
Let x = 13 - 13. Let y(k) be the third derivative of -k**4/24 + 2*k**3/3 - 9*k**2. Determine y(x).
4
Let h(f) be the first derivative of 1/2*f**2 + f + 2. Suppose -42*j + 4 = -38*j - 4*c, -2*j = -5*c - 17. Determine h(j).
-3
Let p(b) = 4*b**2 + 65*b + 18. Let i be p(-16). Let a(f) = -2*f**3 + f**2 + 2*f - 2. Give a(i).
-10
Let q = 4 + 20. Suppose 5*r + 1 = -q, r = -3*z - 17. Let v(i) be the third derivative of -i**6/120 - i**5/20 + i**3/2 - 5*i**2. Determine v(z).
19
Let l(t) = -t**2 - 5*t + 6. Let v(h) = 3*h**2 - 17*h - 11. Suppose 3*q = 4*z - 9*z + 33, 5*q + 5*z = 45. Let d be v(q). Determine l(d).
6
Let h(q) be the first derivative of 6 - 3*q + 1/2*q**2. Let g = -19 + 13. What is h(g)?
-9
Let k(n) be the third derivative of n**5/60 - 3*n**4/8 - 2*n**3/3 - 2*n**2 - 29. Determine k(8).
-12
Let z be 4/((-20)/(-5))*(-2 + 2). Suppose g + 5 = 2*t, 5*t - 12 = 2*g + g. Suppose z = -l + 3*s + 14, g + 1 = -l - s. Let x(r) = 2*r**2 - 1. Calculate x(l).
7
Suppose -77*z + 42 = -75*z. Suppose -22*s + 2 = -z*s. Let i(o) = -o - 1. Calculate i(s).
-3
Let d(q) = 2*q - 18. Let b be d(11). Suppose -8 - 8 = -b*a. Let t(s) = -2*s**2 + 7*s - 4. What is t(a)?
-8
Let a(v) = 53*v - 43. Let c be a(1). Let z(o) = o**2 - 9*o - 3. What is z(c)?
7
Let h be (2/4)/(1/8). Let w = -6 + 9. Let n(g) = 5*g + 3*g**2 + 1 + 3*g**3 - 5*g**3 - w + g**3. Give n(h).
2
Let z(i) = 2*i**3 + 0*i**3 - i + 3*i**3. Give z(-1).
-4
Let w(f) = -f**2 - 2*f + 5. L